482535869 composite?
False
Is 5786993081 prime?
True
Is 31521008117 a prime number?
True
Is 2191332119 a composite number?
True
Is 1891934767 prime?
False
Is 876392623 composite?
False
Is 114698063539 composite?
False
Is 10738334381 a prime number?
False
Is 1490760301 a composite number?
True
Is 35235412811 composite?
False
Is 926741 prime?
True
Is 12548527967 a prime number?
False
Is 182533949 a prime number?
False
Is 3034561367 a prime number?
True
Is 805688134 prime?
False
Is 5892027887 a prime number?
False
Is 88880723 a prime number?
True
Is 371030353 composite?
True
Is 436186489 prime?
False
Is 5329378147 prime?
True
Is 40108783034 prime?
False
Is 849367237 a prime number?
False
Is 3610137407 a composite number?
False
Is 154329361 a prime number?
True
Is 424947889 a prime number?
False
Is 1223791427 a prime number?
False
Is 4058352031 a composite number?
True
Is 7156314037 a prime number?
False
Is 49504989419 composite?
True
Is 382402939 a prime number?
True
Is 4285133483 prime?
True
Is 17135141 a prime number?
True
Is 123566045483 a composite number?
False
Is 106116727 prime?
True
Is 330789809531 prime?
True
Is 84722804377 composite?
True
Is 873780679 composite?
False
Is 141677914853 a prime number?
False
Is 1173688127 prime?
False
Is 9701808157 prime?
False
Is 1694317871 composite?
True
Is 1113786389 composite?
True
Is 1787979355 prime?
False
Is 1707571117 composite?
True
Is 180490834897 prime?
False
Is 64635227 prime?
True
Is 1093029251 a prime number?
False
Is 4314005359 a prime number?
False
Is 635965949 prime?
False
Is 13827423637 composite?
True
Is 61217071067 composite?
True
Is 73768837327 a composite number?
False
Is 56445263423 a composite number?
False
Is 55295838083 composite?
False
Is 3414282481 prime?
False
Is 33532632919 a composite number?
True
Is 14874763391 prime?
True
Is 78493373897 a prime number?
True
Is 604482121 composite?
True
Is 2331586307 composite?
False
Is 279042193 a prime number?
True
Is 202620373 prime?
True
Is 1141303157 a composite number?
False
Is 5555232689 prime?
False
Is 44788364905 composite?
True
Is 37415914943 a prime number?
False
Is 5110831591 composite?
True
Is 2509898459 a composite number?
False
Is 16836276461 a composite number?
True
Is 4687139 a prime number?
True
Is 78854900387 prime?
False
Is 1309288511 a prime number?
True
Is 5254987619 a composite number?
True
Is 13873367987 a composite number?
True
Is 1004657307 prime?
False
Is 503227783 a prime number?
True
Is 12432918403 a prime number?
True
Is 214615963 composite?
True
Is 1900714451 a composite number?
True
Is 51509374853 composite?
False
Is 9822862597 a prime number?
True
Is 672705571 a prime number?
True
Is 15416327273 prime?
False
Is 11827793423 a prime number?
False
Is 587060521 a composite number?
False
Is 891092441 prime?
False
Is 2478651989 composite?
True
Is 483702299 a prime number?
True
Is 22836399331 composite?
True
Is 55054909933 a composite number?
False
Is 807269159 composite?
False
Is 18487791097 a prime number?
True
Is 23395235159 prime?
False
Is 455277701 composite?
False
Is 1226125603 a prime number?
False
Is 156962581 composite?
True
Is 49730557 composite?
False
Is 29089228099 a prime number?
False
Is 33486543533 a composite number?
True
Is 4494477313 prime?
True
Is 143549949121 composite?
False
Is 2307092527 prime?
False
Is 726492233 a prime number?
False
Is 620449087 composite?
True
Is 30342875053 composite?
False
Is 4476949519 a prime number?
False
Is 722471171 a prime number?
False
Is 4737975127 a prime number?
False
Is 4598649751 a composite number?
True
Is 9256020539 a composite number?
False
Is 30170974429 composite?
True
Is 20163470069 a composite number?
True
Is 6450240509 prime?
False
Is 39434973449 a prime number?
False
Is 35602827787 composite?
False
Is 88150501 a prime number?
False
Is 16842989543 a composite number?
True
Is 535400219 prime?
True
Is 139901834 composite?
True
Is 10639789 a composite number?
True
Is 327458953 a prime number?
False
Is 1017032611 composite?
True
Is 833144807 a prime number?
False
Is 2248039 composite?
False
Is 59582797 a prime number?
True
Is 75361093 prime?
False
Is 27124025585 a prime number?
False
Is 23729736553 a prime number?
False
Is 168027631 composite?
False
Is 896559043 prime?
True
Is 118423087 a composite number?
True
Is 9140091517 a composite number?
False
Is 734720479 a prime number?
True
Is 6791965493 composite?
False
Is 21676255819 composite?
False
Is 51041696011 composite?
True
Is 65825141129 a prime number?
False
Is 326787947 composite?
False
Is 172908572191 prime?
False
Is 718913303 prime?
True
Is 509270111 a composite number?
True
Is 1065603443 composite?
True
Is 476797549 a prime number?
False
Is 11727278213 composite?
True
Is 130369741 a composite number?
False
Is 4301649403 composite?
True
Is 16424799113 a prime number?
True
Is 43168107799 composite?
False
Is 555505399231 prime?
True
Is 990142981 a composite number?
True
Is 5821582717 a composite number?
True
Is 10669939391 a composite number?
False
Is 34735579813 a prime number?
False
Is 503138334427 composite?
True
Is 133660777 a prime number?
False
Is 4821980459 a composite number?
False
Is 18837289 a prime number?
False
Is 1005748459 a prime number?
True
Is 31195688827 a prime number?
False
Is 12935026331 composite?
True
Is 52954169107 prime?
False
Is 242968409249 a composite number?
True
Is 42518144521 a composite number?
False
Is 1898642659 a prime number?
False
Is 851282809 composite?
True
Is 22582625243 a composite number?
True
Is 1070689705 composite?
True
Is 690064133 composite?
True
Is 279170917 prime?
True
Is 1613321023 a composite number?
True
Is 1649158039 a prime number?
False
Is 2423069743 a composite number?
False
Is 3840620527 composite?
True
Is 101280305273 prime?
False
Is 363048206 composite?
True
Is 5796521 prime?
True
Is 1842187349 prime?
True
Is 97398220897 prime?
True
Is 557458141 composite?
False
Is 344254067 prime?
False
Is 10963853339 prime?
True
Is 155093329 a composite number?
True
Is 3963527453 a prime number?
True
Is 3313799009 a prime number?
True
Is 5221448321 composite?
False
Is 1550161927 prime?
False
Is 13070283647 a prime number?
True
Is 756362833 a prime number?
False
Is 661606249 a composite number?
False
Is 1809923477 a composite number?
False
Is 407668649 composite?
False
Is 1302736619 prime?
True
Is 958933769 prime?
True
Is 2002223953 a prime number?
False
Is 15879975131 a prime number?
True
Is 35766412601 composite?
False
Is 342969635 composite?
True
Is 286297177 a composite number?
False
Is 8558476645 composite?
True
Is 1975101665 a composite number?
True
Is 103993148383 prime?
True
Is 6614505979 prime?
False
Is 122768827381 composite?
False
Is 23172965119 prime?
True
Is 2731024171 composite?
True
Is 817016999 a prime number?
True
Is 10039728401 composite?
False
Is 15388868641 prime?
True
Is 42107163347 composite?
True
Is 24174696527 composite?
False
Is 31565062261 prime?
False
Is 11252392577 prime?
True
Is 12293707721 a prime number?
True
Is 1189098563 a composite number?
True
Is 15275414555 a prime number?
False
Is 39694299089 composite?
True
Is 15663567809 a prime number?
False
Is 36117952487 a prime number?
True
Is 11791147 prime?
False
Is 16924450003 a prime number?
False
Is 6369930377 composite?
False
Is 3846496637 a composite number?
True
Is 27072793723 prime?
True
Is 329781811 a prime number?
False
Is 8952254671 a composite number?
False
Is 12719795797 a prime number?
True
Is 1888417963 a composite number?
False
Is 4149671629 composite?
True
Is 1953014447 composite?
True
Is 7191248743 a prime number?
False
Is 715213621 a composite number?
True
Is 208233911 a composite number?
False
Is 382647161 a composite number?
True
Is 50229845021 prime?
True
Is 70651138957 composite?
True
Is 738704737 composite?
True
Is 4367963927 composite?
False
Is 1164387787 composite?
True
Is 946327769 a prime number?
True
Is 13614135317 prime?
True
Is 1263601243 composite?
False
Is 12168036437 a prime number?
True
Is 12248604751 prime?
True
Is 1786333121 composite?
False
Is 194249371 a prime number?
False
Is 67329481 a composite number?
False
Is 1276639261 composite?
True
Is 83690051 prime?
True
Is 4241162909 a prime number?
True
Is 4827828373 prime?
True
Is 119562647063